 53 is divided by b?
15
Let i be 22/(-11)*31/2. Let n = -25 - i. Calculate the remainder when n is divided by 3.
0
Let d = -7 - 2. Let v(n) = -5*n - 22. Suppose -27 = -3*u - 2*u + w, -4*u = -3*w - 15. Calculate the remainder when v(d) is divided by u.
5
Let f = -790 + 799. What is the remainder when 328 is divided by f?
4
Suppose 2*w - w = 31. What is the remainder when 57 is divided by w?
26
Suppose 0 = 3*r - 3*n, -n + 4 = -3*r + 2. Calculate the remainder when 40 is divided by r/((-5)/105) - 0.
19
Let a = -6 - -15. Suppose -t + a = -2. Let l(f) = f**2 + 12*f + 7. Calculate the remainder when l(-13) is divided by t.
9
Suppose -14*f - 56 = -21*f. Calculate the remainder when 21 is divided by f.
5
Suppose 3*o - 31 - 114 = -5*r, 0 = 4*r - 3*o - 143. Let q = -39 + 58. Calculate the remainder when r is divided by q.
13
Let h be (-7 - -11)/(-2) + 8/1. What is the remainder when (3/((-72)/608))/((-4)/h) is divided by 13?
12
Let i be 2*1/(-4)*(62 + 0). Let z = i + 43. What is the remainder when 45 is divided by z?
9
Calculate the remainder when 284 is divided by (-119)/(-2) + (12 - 300/24).
48
Let h(i) = -i - 15. Suppose 0*r - 3*r = -129. Calculate the remainder when r is divided by h(-26).
10
Let y be (-12)/(-15) + (-198)/(-15). Suppose y*h + 24 = 16*h. What is the remainder when 33 is divided by h?
9
What is the remainder when 103 is divided by ((-203)/(-2))/(-7)*(-16 - -14)?
16
Suppose -5*z + 60 = 2*b, b = -2*b + 2*z + 109. What is the remainder when 336 is divided by b?
21
Let u be (-12 - -8) + (-8)/(-1). Suppose -1 + 17 = u*l. Calculate the remainder when 15 is divided by l.
3
Suppose 230 = 91*v - 86*v. Calculate the remainder when v is divided by 12.
10
Calculate the remainder when ((-3)/(-10))/(15/4350) is divided by 24.
15
Suppose -x + 14 = -2*v, x - 2*v = -3*x + 68. Let s(c) = 14*c - 20. Let r be s(5). Let u = r - 40. What is the remainder when x is divided by u?
8
Suppose -1596 = 887*y - 893*y. Calculate the remainder when y is divided by 34.
28
Let n = 2666 - 2540. What is the remainder when 2391 is divided by n?
123
Let k(u) be the third derivative of 0*u + 0 + 1/6*u**4 - 3/2*u**3 - 6*u**2. What is the remainder when 44 is divided by k(6)?
14
Suppose c + 31 = 2*g, -77 = -6*g + g + 2*c. Calculate the remainder when 508 is divided by g.
13
Let b = -79 + 149. Suppose -2*z - c + 85 = -0*c, 4*c - b = -2*z. What is the remainder when z is divided by (-6 + 2)/(2/(-6))?
9
Let k = 10 - -15. What is the remainder when k is divided by (9/(-6))/((-3)/20)?
5
Let u be ((-1020)/45)/((-4)/6). Suppose 110 - u = 4*x. What is the remainder when 4/(-14) - 480/(-14) is divided by x?
15
Suppose -5*a = -2*l - 1217, 0 = -2*a + 5*l + 311 + 180. Suppose 0 = 4*o + 5*q - 221, -q + 3 + 2 = 0. Calculate the remainder when a is divided by o.
47
What is the remainder when 31816/123 - (1 + 4/(-3)) is divided by 26?
25
Suppose 0*g + 11*g = 0. Suppose g = -h - 8*h + 189. Calculate the remainder when 41 is divided by h.
20
Let j be (-45)/3*4/6. Suppose -5*y + 3*d = -140, 4*y + 3*d - 46 - 39 = 0. Let m = j + y. What is the remainder when 29 is divided by m?
14
Let z be (1 - 4)/(1/2*-3). Calculate the remainder when 6 is divided by z/(-4)*(-6 - 2).
2
Suppose 0 = -5*w + 3*h - 2*h + 31, w - 1 = -5*h. Suppose -w*z = -0*z - 18. What is the remainder when 83 is divided by (z - -1) + 48/2?
27
Suppose 3*o - 153 = -3*g - 0*o, 2*g = 3*o + 117. Let w = 59 + g. What is the remainder when w is divided by 58?
55
Let d(g) = -g**2 + 3*g - 2. Let t be d(4). Let z be t*(3 - 2 - 5). Suppose -r = r - z. What is the remainder when 33 is divided by r?
9
Let d = -72 - -146. Let r(a) = a**3 - 10*a**2 + 12*a - 8. Let c = 64 - 55. Calculate the remainder when d is divided by r(c).
17
Suppose -r + 27 = -3*g + 2, r = -3*g + 7. Let f = 12 + r. Suppose -24*u + f*u = 28. What is the remainder when 26 is divided by u?
5
What is the remainder when 62 + (8 - 0 - 6) is divided by 22?
20
Suppose -3*q = 3*g - 339, 2*q - g - 583 = -3*q. What is the remainder when q is divided by 17?
14
Suppose 2*f = f - 25. Let b = -35 + 70. Let j = f + b. Calculate the remainder when 18 is divided by j.
8
Let u(w) = 7*w - 16. Let k(a) = a + 0*a + a**2 + 4*a**3 - 3*a - 2*a**3. What is the remainder when u(11) is divided by k(2)?
13
Suppose r - 4*j - 171 = -j, j - 543 = -3*r. Calculate the remainder when r is divided by 67.
46
Suppose 0*z - 25 = 5*z. Let c be -15*(5 + 0)/z. Suppose 3*y - c = 33. Calculate the remainder when y is divided by 9.
7
Suppose -254*z - 210 = -256*z. Calculate the remainder when z is divided by 23.
13
Suppose 2159 = 3*q - 2*n, n - 1437 = q - 3*q. Calculate the remainder when q is divided by 40.
39
Let g = 0 - 6. Let k(n) = -n**2 - 5*n + 8. Let t be k(g). Suppose -5*i - 6 = t*m - 199, -2*m = -2*i + 80. What is the remainder when i is divided by 20?
19
Suppose 5*x + 2*o = -3, 0 = x - 5*o - 13 - 8. Calculate the remainder when 21 is divided by x.
0
Suppose 4*t - 34 - 18 = 0. What is the remainder when 49 is divided by t?
10
Suppose 0*l - l + 6 = 0. Suppose 28 = 4*b - a, 4*a - 32 = l*b - 8*b. Suppose o = 3*p - 67, 3*p + 2*o = 7*o + 71. Calculate the remainder when p is divided by b.
6
Suppose -8 = 2*g, -12*g + 8*g + 989 = 5*s. Calculate the remainder when s is divided by 39.
6
Suppose 11*v - 15*v = -368. What is the remainder when v is divided by 31?
30
Suppose -24*u + 61*u - 2479 = 0. Calculate the remainder when 1874 is divided by u.
65
Let j be 2/(1 - 57/59). Let d = 82 - j. Calculate the remainder when 88 is divided by d.
19
Suppose -17*h + 18*h = 0. Let u = 29 - 5. Suppose 3*m - 6 - u = h. Calculate the remainder when 17 is divided by m.
7
Let i(b) = 91*b - 196. What is the remainder when i(3) is divided by 8?
5
Let d(y) = -y**3 - 5*y**2 + 3*y + 14. Let m be d(-6). Suppose -2*w + 2*k + 3*k + 37 = 0, 0 = -4*w - 4*k + m. What is the remainder when 20 is divided by w?
9
Let n(w) be the third derivative of w**6/120 + 7*w**5/20 + 11*w**4/12 + 25*w**3/3 + 41*w**2. What is the remainder when 29 is divided by n(-20)?
9
Let n(h) = 2*h + 31. Let p be n(-16). Calculate the remainder when 105 is divided by ((1/p)/3)/(15/(-1260)).
21
Let c = 85 - 27. Calculate the remainder when c is divided by 6.
4
Suppose 145 - 31 = 6*a. Calculate the remainder when 34 is divided by a.
15
Suppose t = 4*t - 405. Suppose -15 = 4*u - t. Calculate the remainder when 604/10 + 18/u is divided by 16.
13
Let z = 104 + 14. Suppose -y + 2*o + 28 = 0, 0 = 5*y - 0*y + o - z. Suppose y = -34*a + 37*a. What is the remainder when 15 is divided by a?
7
Let b be 176/(-40) - 6/10. Let g(p) = p**2 - 6*p + 1. What is the remainder when g(b) is divided by 30?
26
Let u be (-14)/(-3) - (-4)/(-6). Suppose 3*y = u*y - 41. Suppose -d + 6*d - y = -2*l, -d = 5*l - 22. Calculate the remainder when d is divided by 4.
3
Let i = 27 + -19. Suppose 11*c = 3*c + 160. Calculate the remainder when c is divided by i.
4
Let o(m) = -m**3 - 7*m**2 + 3*m + 13. Let i be o(-8). Let z = -29 + i. Calculate the remainder when 93 is divided by z.
21
Let s be ((-124)/6)/(2/(-6)). Let d = s + -19. Let l(k) = 12*k**3 - k**2. Calculate the remainder when d is divided by l(1).
10
Suppose 2*y = 5*w - 0*y - 23, 0 = w - 4*y - 19. Suppose 78 = c + 3*c - 2*g, 57 = w*c - 2*g. Calculate the remainder when 123 is divided by c.
18
Let k(w) be the first derivative of w**3/3 + 2*w**2 - 11*w - 18. What is the remainder when k(-7) is divided by 5?
0
Let x(c) = 38*c + 175. Let n(s) = s**3 - 2*s**2 + 3*s - 2. What is the remainder when n(5) is divided by x(-4)?
19
Let l = 21 - 8. Suppose -625 + 268 = -7*p. What is the remainder when p is divided by l?
12
Let q = -813 + 1186. What is the remainder when q is divided by 100?
73
Let v(o) = -28*o - 6. Let x be v(-2). Suppose -2*b + u + x = -u, 0 = -4*u. Calculate the remainder when 74 is divided by b.
24
Suppose 14 = 2*x - 16. Suppose 18*i + 304 = 26*i. Calculate the remainder when i is divided by x.
8
Let z(q) = -5*q + 72. Calculate the remainder when z(-9) is divided by 49.
19
Suppose 2*a + 25 = -63. Let y be (-354)/4*a/33. Suppose -5*h + u = -u - y, -5*h - 3*u = -98. Calculate the remainder when 85 is divided by h.
19
Suppose 0 = -39*r - 22*r + 3721. Calculate the remainder when r is divided by 27.
7
Suppose 3*c = 5*m + c - 1282, -5*m + c = -128